s the highest common divisor of x and y?
23
Let k = 6773 - 6717. Calculate the highest common factor of k and 3164.
28
Let j = 538 - 746. Let b = j - -262. Let f be (-1)/((-2)/36) - 0. Calculate the greatest common divisor of b and f.
18
Suppose 462*u - 459*u - 1836 = 0. Suppose -407*v + u = -403*v. Calculate the highest common divisor of v and 17.
17
Suppose -75*l + 66180 = -42*l + 4932. What is the highest common factor of l and 512?
64
Let y(n) = 125*n - 1365. Let r be y(11). Calculate the highest common divisor of 880 and r.
10
Suppose 4*x + 11*n + 1363 = 10*n, -n = 3. Let j = -255 - x. Calculate the greatest common divisor of j and 255.
85
Let f(j) = -7*j + 90. Let m be f(8). Suppose -64 = -2*d + 74. Let o = d + -52. Calculate the greatest common divisor of o and m.
17
Suppose 2 = 5*s - 28. Let y be ((-4)/s)/(40/180). Let v be 7/(21/195) - y. What is the greatest common factor of v and 34?
34
Let o = -1217 + 4067. What is the greatest common factor of 450 and o?
150
Let a = 10621 - 10592. What is the highest common divisor of a and 4727?
29
Let l be (6*19/(-57))/((-2)/9310). Calculate the greatest common divisor of l and 380.
190
Let o be ((-4)/6)/(236/(-80004)). Calculate the highest common factor of o and 2599.
113
Let s be (-1 + 3)*(3 - 0 - 9). Let z = -10 - s. Suppose -4*l + 0*l + z*y + 2 = 0, -4*l + 3 = -y. What is the highest common factor of 7 and l?
1
Suppose 24*z = -9 + 287 + 1258. Suppose 0 = -5*k - 3*r + 252, -2*r = k + 8 - 64. What is the greatest common factor of k and z?
16
Let y(r) = 2*r**2 - 9*r - 9. Let n be 6/12*(-2 + 14). Let u be y(n). Suppose -3 = -v - 2*v. What is the greatest common divisor of u and v?
1
Let m = 59 + -34. Let z(n) = n**2 + 375*n + 15481. Let f be z(-328). What is the greatest common factor of m and f?
5
Let p be 3/(-6 - (-27)/6) + (9894 - 1). Calculate the greatest common divisor of p and 314.
157
Let w = -6236 + 6283. Calculate the highest common divisor of w and 47.
47
Suppose -o + 3*z - 725 = -z, 5*o + 5*z = -3725. Let t = -420 - o. Let h = t - 193. Calculate the highest common factor of h and 16.
16
Let a be (9/(-6) - 0)*-2 - 0. Suppose -h - a*h = -36. Calculate the greatest common factor of 30 and h.
3
Let n(j) = -j + 22. Let u(d) = -d**3 + 13*d**2 - 18. Let b be u(13). Let p be n(b). What is the highest common divisor of p and 440?
40
Let i = 6851 - 6095. What is the highest common factor of i and 24?
12
Suppose -4*r + 2*d + 66 = 0, -4*d + 6*d + 84 = 5*r. Calculate the greatest common factor of 2259 and r.
9
Let n be 5*(-32)/280 - 27136/(-56). Calculate the highest common factor of n and 8.
4
Let d(l) = 3*l**2 + 71*l + 500. Let t be d(-5). Calculate the greatest common factor of t and 80960.
220
Let d be -78 - (7 + 5)/(-2). Let q be (15/(-10)*-5)/((-6)/d). What is the highest common factor of 10 and q?
10
Suppose -491 = -5*g + 664 + 1325. What is the highest common factor of g and 2418?
62
Let b be 1716/55*745/596. Suppose 2*y - 5*q = 46, 2*y + 4*q - 15 = -5. What is the highest common factor of b and y?
13
Let c = -10735 - -10834. What is the greatest common divisor of 1023 and c?
33
Let r(j) be the third derivative of -j**6/120 - 13*j**5/60 - j**4 - 5*j**3/2 - j**2 - 3. Let b be r(-11). Calculate the highest common factor of 7 and b.
7
Let f = 1 - 1. Let o be 0 - f - 9/(-1). Let c(g) = -g**2 + 18*g + 72. Let v be c(18). What is the highest common divisor of v and o?
9
Let f be (-4)/(-18) + (-330)/27. Let r be ((-22)/f - 2) + 423/(-54). Let g be -4 - (r - (-5 - -2)). What is the greatest common divisor of g and 4?
1
Suppose 9*i - 191 = 79 + 216. Calculate the greatest common factor of i and 86.
2
Let l = 4419 - 2116. Calculate the greatest common factor of 47 and l.
47
Suppose -4*x - 4*a = -3*x - 1392, -5*x + 2*a = -6850. Suppose 0 = 123*t - 130*t + x. What is the greatest common factor of 4 and t?
4
Suppose 223*f - 139*f - 151452 = 0. What is the greatest common factor of f and 6?
3
Let x(h) = 5*h**3 + 18*h - 6*h**2 - h**2 + 4*h**3 - 10*h**3. Let q be x(-9). Suppose q = 5*z - 196 - 4. What is the highest common divisor of 200 and z?
40
Let u = -450 - -639. Suppose 0 = -38*l + 41*l - u. What is the greatest common divisor of l and 42?
21
Suppose 3456*g - 3420*g - 144 = 0. Let w(p) = p**3 + 5*p**2 + 3*p - 1. Let d be w(-4). Calculate the greatest common factor of g and d.
1
Suppose 202*m = 132*m + 170240. What is the greatest common divisor of m and 136?
8
Let z be (86/28 - (-36)/84)*(-41)/(287/(-60)). Suppose -2*k = 4*t - 278, -7*t + 10 = -2*t. Calculate the highest common factor of z and k.
15
Let a = -63 + 104. Suppose 4*h = 4, 0 = x + h - a + 112. Let m = -54 - x. What is the greatest common divisor of m and 2?
2
Let x = -122 + 115. Let j(a) = -21*a - 27. Let p be j(x). What is the greatest common factor of 96 and p?
24
Let o(l) = -l**2 + 5*l + 1368. Let p be o(-31). Calculate the highest common factor of p and 700.
28
Let q = -37 + 45. Suppose j + q = 9. What is the highest common divisor of 17 and j?
1
Let r be 1897/(-1355) - 2882/(-5). What is the greatest common factor of r and 368?
23
Suppose -18*u = 173*u - 90916. Calculate the greatest common divisor of 266 and u.
14
Suppose 5*o + 25 = -3*m, -14*o - 10 = 4*m - 19*o. Let l(f) = -2*f + 1. Let x be l(m). Calculate the highest common divisor of x and 319.
11
Suppose 2*q = 5*c + 557, -q - 4*q + 1379 = c. Suppose 3*y - 585 = q. Calculate the greatest common divisor of y and 41.
41
Let m = -64 - -65. Let h be 22/(-22)*m*59. Let g = h - -72. Calculate the greatest common factor of g and 13.
13
Suppose 0 = -28*d + 20*d + 16. Calculate the highest common factor of 34 and d.
2
Suppose 5*k - 4*t - 62 - 14 = 0, 64 = 4*k - 4*t. Suppose 5*m - 945 = k*m. Let o be 10*(-3)/(-6) - m. Calculate the greatest common divisor of 35 and o.
35
Suppose -80*k + 7 = -70*k - 73. What is the highest common divisor of 8332 and k?
4
Let h(j) = 2*j + 22. Let x be h(-9). Suppose 3*n + 3*v - x = -n, -4*v = 3*n + 4. What is the highest common divisor of n and 1?
1
Let h(d) = 2*d**2 - 37*d - 5. Let b be h(19). Suppose 11*l = 14*l - 18. Suppose l*p - 122 - 46 = 0. What is the highest common divisor of b and p?
14
Suppose -42*d = -16*d + 22*d - 69168. Calculate the highest common factor of d and 33.
11
Let t be ((-6)/(-4))/((-9)/84). Let o = -7 - t. Suppose -8*d + 60 = -o*d. Calculate the highest common divisor of d and 24.
12
Let i = -215 - -225. Let w be i/(-2) + (23 - 0). Let m = 72 - -126. What is the highest common divisor of w and m?
18
Suppose 174*r - 342211 = 182349 - 32662. Calculate the highest common divisor of 22 and r.
11
Let g be ((-15)/3 + 2)*-11. Let n = -19 - -1. Let f be (10/15)/((-4)/n). What is the highest common divisor of g and f?
3
Let b(r) = -5*r + 453. Let s be b(33). Calculate the greatest common divisor of 30 and s.
6
Suppose 3*r - n - 10455 = 0, -13979 = -11*r + 7*r - 3*n. What is the highest common factor of 1417 and r?
109
Suppose -42*p - 17 = o - 3*o - 1631, 2*p - 112 = 4*o. Suppose -i = -2 - 3. Suppose -w - 151 = -4*v, -4 = w - i*w. What is the greatest common factor of v and p?
38
Let f = -25582 + 25610. Calculate the highest common factor of 52472 and f.
28
Suppose -28*r - 6977 + 7285 = 0. Calculate the highest common factor of r and 176.
11
Let i(m) = 14*m**2 - 3*m - 6. Let n be i(-2). Suppose 5*q = 2*o - 2596, 60*q = -2*o + 61*q + 2580. What is the highest common factor of n and o?
56
Let r be (-526)/(-4) - -2*(-3)/(-12). Suppose -1288 + 3224 = 76*f - 65*f. What is the highest common factor of f and r?
44
Suppose 26*i - 41*i = -25*i + 2530. Suppose 4*l = 92 + 92. What is the highest common divisor of l and i?
23
Let t(z) = z**3 - z + 24. Let b be t(0). Let r = b - 19. Suppose -y + r*x = -4*y + 25, -x = 1. What is the greatest common factor of 80 and y?
10
Let v(y) = -325*y + 1665. Let c be v(5). Suppose 2*x - 4 = -0*x. Let n be x - -3*(1 + 0). What is the greatest common divisor of n and c?
5
Let y be 84/(-112)*28/1. Let p be 498/8 + y/4 + 6. Let u(v) = 3*v**2 + 2*v + 1. Let f be u(-2). What is the greatest common divisor of f and p?
9
Let v be (1 - 8479/(-2))*((-222)/(-18) + -5). What is the greatest common factor of v and 257?
257
Let s = 1382 + -2016. Let h = 691 + s. Suppose 0 = 4*p - 3*p - 38. Calculate the greatest common fac